[INFO] fetching crate wcstr 0.1.4...
[INFO] checking wcstr-0.1.4 against master#9610dfe5a9a731ced1ea4923ecbd0c57fe367898 for beta-170-4
[INFO] extracting crate wcstr 0.1.4 into /workspace/builds/worker-4-tc1/source
[INFO] validating manifest of crates.io crate wcstr 0.1.4 on toolchain 9610dfe5a9a731ced1ea4923ecbd0c57fe367898
[INFO] running `Command { std: CARGO_HOME="/workspace/cargo-home" RUSTUP_HOME="/workspace/rustup-home" "/workspace/cargo-home/bin/cargo" "+9610dfe5a9a731ced1ea4923ecbd0c57fe367898" "metadata" "--manifest-path" "Cargo.toml" "--no-deps", kill_on_drop: false }`
[INFO] started tweaking crates.io crate wcstr 0.1.4
[INFO] finished tweaking crates.io crate wcstr 0.1.4
[INFO] tweaked toml for crates.io crate wcstr 0.1.4 written to /workspace/builds/worker-4-tc1/source/Cargo.toml
[INFO] running `Command { std: CARGO_HOME="/workspace/cargo-home" RUSTUP_HOME="/workspace/rustup-home" __CARGO_TEST_CHANNEL_OVERRIDE_DO_NOT_USE_THIS="nightly" "/workspace/cargo-home/bin/cargo" "+9610dfe5a9a731ced1ea4923ecbd0c57fe367898" "generate-lockfile" "--manifest-path" "Cargo.toml" "-Zno-index-update", kill_on_drop: false }`
[INFO] running `Command { std: CARGO_HOME="/workspace/cargo-home" RUSTUP_HOME="/workspace/rustup-home" "/workspace/cargo-home/bin/cargo" "+9610dfe5a9a731ced1ea4923ecbd0c57fe367898" "fetch" "--manifest-path" "Cargo.toml", kill_on_drop: false }`
[INFO] running `Command { std: "docker" "create" "-v" "/var/lib/crater-agent-workspace/builds/worker-4-tc1/target:/opt/rustwide/target:rw,Z" "-v" "/var/lib/crater-agent-workspace/builds/worker-4-tc1/source:/opt/rustwide/workdir:ro,Z" "-v" "/var/lib/crater-agent-workspace/cargo-home:/opt/rustwide/cargo-home:ro,Z" "-v" "/var/lib/crater-agent-workspace/rustup-home:/opt/rustwide/rustup-home:ro,Z" "-e" "SOURCE_DIR=/opt/rustwide/workdir" "-e" "CARGO_TARGET_DIR=/opt/rustwide/target" "-e" "CARGO_HOME=/opt/rustwide/cargo-home" "-e" "RUSTUP_HOME=/opt/rustwide/rustup-home" "-w" "/opt/rustwide/workdir" "-m" "1610612736" "--user" "0:0" "--network" "none" "ghcr.io/rust-lang/crates-build-env/linux@sha256:19e73879b68f455e41552ea35293514db52ea292d993f571636dbffedb77a1ee" "/opt/rustwide/cargo-home/bin/cargo" "+9610dfe5a9a731ced1ea4923ecbd0c57fe367898" "metadata" "--no-deps" "--format-version=1", kill_on_drop: false }`
[INFO] [stdout] beb6a43f055b4f1415e6476b9aa9ecbd3561eaeb5c8824a1cec630884449d90c
[INFO] running `Command { std: "docker" "start" "-a" "beb6a43f055b4f1415e6476b9aa9ecbd3561eaeb5c8824a1cec630884449d90c", kill_on_drop: false }`
[INFO] running `Command { std: "docker" "inspect" "beb6a43f055b4f1415e6476b9aa9ecbd3561eaeb5c8824a1cec630884449d90c", kill_on_drop: false }`
[INFO] running `Command { std: "docker" "rm" "-f" "beb6a43f055b4f1415e6476b9aa9ecbd3561eaeb5c8824a1cec630884449d90c", kill_on_drop: false }`
[INFO] [stdout] beb6a43f055b4f1415e6476b9aa9ecbd3561eaeb5c8824a1cec630884449d90c
[INFO] running `Command { std: "docker" "create" "-v" "/var/lib/crater-agent-workspace/builds/worker-4-tc1/target:/opt/rustwide/target:rw,Z" "-v" "/var/lib/crater-agent-workspace/builds/worker-4-tc1/source:/opt/rustwide/workdir:ro,Z" "-v" "/var/lib/crater-agent-workspace/cargo-home:/opt/rustwide/cargo-home:ro,Z" "-v" "/var/lib/crater-agent-workspace/rustup-home:/opt/rustwide/rustup-home:ro,Z" "-e" "SOURCE_DIR=/opt/rustwide/workdir" "-e" "CARGO_TARGET_DIR=/opt/rustwide/target" "-e" "CARGO_INCREMENTAL=0" "-e" "RUST_BACKTRACE=full" "-e" "RUSTFLAGS=--cap-lints=forbid" "-e" "RUSTDOCFLAGS=--cap-lints=forbid" "-e" "CARGO_HOME=/opt/rustwide/cargo-home" "-e" "RUSTUP_HOME=/opt/rustwide/rustup-home" "-w" "/opt/rustwide/workdir" "-m" "1610612736" "--user" "0:0" "--network" "none" "ghcr.io/rust-lang/crates-build-env/linux@sha256:19e73879b68f455e41552ea35293514db52ea292d993f571636dbffedb77a1ee" "/opt/rustwide/cargo-home/bin/cargo" "+9610dfe5a9a731ced1ea4923ecbd0c57fe367898" "check" "--frozen" "--all" "--all-targets" "--message-format=json", kill_on_drop: false }`
[INFO] [stdout] 81bcd6d173ad26dfd2455804201fab9659701649e392136322c577002e29d48c
[INFO] running `Command { std: "docker" "start" "-a" "81bcd6d173ad26dfd2455804201fab9659701649e392136322c577002e29d48c", kill_on_drop: false }`
[INFO] [stderr]     Checking wcstr v0.1.4 (/opt/rustwide/workdir)
[INFO] [stdout] error[E0433]: failed to resolve: could not find `windows` in `os`
[INFO] [stdout]  --> src/wcstr.rs:4:16
[INFO] [stdout]   |
[INFO] [stdout] 4 | use ::std::os::windows::ffi::{OsStringExt, OsStrExt};
[INFO] [stdout]   |                ^^^^^^^ could not find `windows` in `os`
[INFO] [stdout] 
[INFO] [stdout] 
[INFO] [stdout] error[E0433]: failed to resolve: could not find `windows` in `os`
[INFO] [stdout]  --> src/wcstring.rs:4:16
[INFO] [stdout]   |
[INFO] [stdout] 4 | use ::std::os::windows::ffi::OsStrExt;
[INFO] [stdout]   |                ^^^^^^^ could not find `windows` in `os`
[INFO] [stdout] 
[INFO] [stdout] 
[INFO] [stdout] error[E0433]: failed to resolve: could not find `windows` in `os`
[INFO] [stdout]  --> src/wcstr.rs:4:16
[INFO] [stdout]   |
[INFO] [stdout] 4 | use ::std::os::windows::ffi::{OsStringExt, OsStrExt};
[INFO] [stdout]   |                ^^^^^^^ could not find `windows` in `os`
[INFO] [stdout] 
[INFO] [stdout] 
[INFO] [stdout] error[E0433]: failed to resolve: could not find `windows` in `os`
[INFO] [stdout]  --> src/wcstring.rs:4:16
[INFO] [stdout]   |
[INFO] [stdout] 4 | use ::std::os::windows::ffi::OsStrExt;
[INFO] [stdout]   |                ^^^^^^^ could not find `windows` in `os`
[INFO] [stdout] 
[INFO] [stdout] 
[INFO] [stdout] warning: use of deprecated macro `try`: use the `?` operator instead
[INFO] [stdout]    --> src/wcstr.rs:168:9
[INFO] [stdout]     |
[INFO] [stdout] 168 |         try!(write!(f, "\""));
[INFO] [stdout]     |         ^^^
[INFO] [stdout]     |
[INFO] [stdout]     = note: `#[warn(deprecated)]` on by default
[INFO] [stdout] 
[INFO] [stdout] 
[INFO] [stdout] warning: use of deprecated macro `try`: use the `?` operator instead
[INFO] [stdout]    --> src/wcstr.rs:173:21
[INFO] [stdout]     |
[INFO] [stdout] 173 |                     try!(f.write_char(c));
[INFO] [stdout]     |                     ^^^
[INFO] [stdout] 
[INFO] [stdout] 
[INFO] [stdout] warning: use of deprecated macro `try`: use the `?` operator instead
[INFO] [stdout]    --> src/wcstr.rs:177:17
[INFO] [stdout]     |
[INFO] [stdout] 177 |                 try!(write!(f, "\\u{{{:X}}}", w));
[INFO] [stdout]     |                 ^^^
[INFO] [stdout] 
[INFO] [stdout] 
[INFO] [stdout] warning: use of deprecated macro `try`: use the `?` operator instead
[INFO] [stdout]    --> src/wcstr.rs:168:9
[INFO] [stdout]     |
[INFO] [stdout] 168 |         try!(write!(f, "\""));
[INFO] [stdout]     |         ^^^
[INFO] [stdout]     |
[INFO] [stdout]     = note: `#[warn(deprecated)]` on by default
[INFO] [stdout] 
[INFO] [stdout] 
[INFO] [stdout] warning: use of deprecated macro `try`: use the `?` operator instead
[INFO] [stdout]    --> src/wcstr.rs:173:21
[INFO] [stdout]     |
[INFO] [stdout] 173 |                     try!(f.write_char(c));
[INFO] [stdout]     |                     ^^^
[INFO] [stdout] 
[INFO] [stdout] 
[INFO] [stdout] warning: use of deprecated macro `try`: use the `?` operator instead
[INFO] [stdout]    --> src/wcstr.rs:177:17
[INFO] [stdout]     |
[INFO] [stdout] 177 |                 try!(write!(f, "\\u{{{:X}}}", w));
[INFO] [stdout]     |                 ^^^
[INFO] [stdout] 
[INFO] [stdout] 
[INFO] [stdout] error[E0599]: no function or associated item named `from_wide` found for struct `OsString` in the current scope
[INFO] [stdout]    --> src/wcstr.rs:103:19
[INFO] [stdout]     |
[INFO] [stdout] 103 |         OsString::from_wide(self.to_slice())
[INFO] [stdout]     |                   ^^^^^^^^^ function or associated item not found in `OsString`
[INFO] [stdout] 
[INFO] [stdout] 
[INFO] [stdout] error[E0599]: no function or associated item named `from_wide` found for struct `OsString` in the current scope
[INFO] [stdout]    --> src/wcstr.rs:103:19
[INFO] [stdout]     |
[INFO] [stdout] 103 |         OsString::from_wide(self.to_slice())
[INFO] [stdout]     |                   ^^^^^^^^^ function or associated item not found in `OsString`
[INFO] [stdout] 
[INFO] [stdout] 
[INFO] [stdout] error[E0599]: no method named `encode_wide` found for reference `&OsStr` in the current scope
[INFO] [stdout]    --> src/wcstr.rs:146:28
[INFO] [stdout]     |
[INFO] [stdout] 146 |         let mut s_iter = s.encode_wide();
[INFO] [stdout]     |                            ^^^^^^^^^^^ method not found in `&OsStr`
[INFO] [stdout] 
[INFO] [stdout] 
[INFO] [stdout] error[E0599]: no method named `encode_wide` found for reference `&OsStr` in the current scope
[INFO] [stdout]    --> src/wcstr.rs:146:28
[INFO] [stdout]     |
[INFO] [stdout] 146 |         let mut s_iter = s.encode_wide();
[INFO] [stdout]     |                            ^^^^^^^^^^^ method not found in `&OsStr`
[INFO] [stdout] 
[INFO] [stdout] 
[INFO] [stdout] error[E0599]: no method named `encode_wide` found for reference `&OsStr` in the current scope
[INFO] [stdout]    --> src/wcstr.rs:162:51
[INFO] [stdout]     |
[INFO] [stdout] 162 |         self.to_slice().iter().zip(other.as_ref().encode_wide()).all(|(&a, b)| a == b)
[INFO] [stdout]     |                                                   ^^^^^^^^^^^ method not found in `&OsStr`
[INFO] [stdout] 
[INFO] [stdout] 
[INFO] [stdout] error[E0599]: no method named `encode_wide` found for reference `&OsStr` in the current scope
[INFO] [stdout]    --> src/wcstr.rs:162:51
[INFO] [stdout]     |
[INFO] [stdout] 162 |         self.to_slice().iter().zip(other.as_ref().encode_wide()).all(|(&a, b)| a == b)
[INFO] [stdout]     |                                                   ^^^^^^^^^^^ method not found in `&OsStr`
[INFO] [stdout] 
[INFO] [stdout] 
[INFO] [stdout] error[E0599]: no method named `encode_wide` found for reference `&OsStr` in the current scope
[INFO] [stdout]    --> src/wcstring.rs:110:38
[INFO] [stdout]     |
[INFO] [stdout] 110 |         let v: Vec<u16> = s.as_ref().encode_wide().collect();
[INFO] [stdout]     |                                      ^^^^^^^^^^^ method not found in `&OsStr`
[INFO] [stdout] 
[INFO] [stdout] 
[INFO] [stdout] error[E0599]: no method named `encode_wide` found for reference `&OsStr` in the current scope
[INFO] [stdout]    --> src/wcstring.rs:110:38
[INFO] [stdout]     |
[INFO] [stdout] 110 |         let v: Vec<u16> = s.as_ref().encode_wide().collect();
[INFO] [stdout]     |                                      ^^^^^^^^^^^ method not found in `&OsStr`
[INFO] [stdout] 
[INFO] [stdout] 
[INFO] [stdout] error[E0599]: no method named `encode_wide` found for reference `&OsStr` in the current scope
[INFO] [stdout]    --> src/wcstring.rs:123:38
[INFO] [stdout]     |
[INFO] [stdout] 123 |         let v: Vec<u16> = s.as_ref().encode_wide().collect();
[INFO] [stdout]     |                                      ^^^^^^^^^^^ method not found in `&OsStr`
[INFO] [stdout] 
[INFO] [stdout] 
[INFO] [stdout] error[E0599]: no method named `encode_wide` found for reference `&OsStr` in the current scope
[INFO] [stdout]    --> src/wcstring.rs:123:38
[INFO] [stdout]     |
[INFO] [stdout] 123 |         let v: Vec<u16> = s.as_ref().encode_wide().collect();
[INFO] [stdout]     |                                      ^^^^^^^^^^^ method not found in `&OsStr`
[INFO] [stdout] 
[INFO] [stdout] 
[INFO] [stdout] error[E0599]: no method named `encode_wide` found for reference `&OsStr` in the current scope
[INFO] [stdout]    --> src/wcstring.rs:268:29
[INFO] [stdout]     |
[INFO] [stdout] 268 |         self.inner.extend(s.encode_wide().take_while(|&w| { not_nuled = w != 0; not_nuled }));
[INFO] [stdout]     |                             ^^^^^^^^^^^ method not found in `&OsStr`
[INFO] [stdout] 
[INFO] [stdout] 
[INFO] [stdout] error[E0599]: no method named `encode_wide` found for reference `&OsStr` in the current scope
[INFO] [stdout]    --> src/wcstring.rs:268:29
[INFO] [stdout]     |
[INFO] [stdout] 268 |         self.inner.extend(s.encode_wide().take_while(|&w| { not_nuled = w != 0; not_nuled }));
[INFO] [stdout]     |                             ^^^^^^^^^^^ method not found in `&OsStr`
[INFO] [stdout] 
[INFO] [stdout] 
[INFO] [stdout] error[E0599]: no method named `encode_wide` found for reference `&OsStr` in the current scope
[INFO] [stdout]    --> src/wcstring.rs:289:29
[INFO] [stdout]     |
[INFO] [stdout] 289 |         self.inner.extend(s.encode_wide());
[INFO] [stdout]     |                             ^^^^^^^^^^^ method not found in `&OsStr`
[INFO] [stdout] 
[INFO] [stdout] 
[INFO] [stdout] error[E0599]: no method named `encode_wide` found for reference `&OsStr` in the current scope
[INFO] [stdout]    --> src/wcstring.rs:289:29
[INFO] [stdout]     |
[INFO] [stdout] 289 |         self.inner.extend(s.encode_wide());
[INFO] [stdout]     |                             ^^^^^^^^^^^ method not found in `&OsStr`
[INFO] [stdout] 
[INFO] [stdout] 
[INFO] [stdout] error[E0599]: no method named `encode_wide` found for reference `&OsStr` in the current scope
[INFO] [stdout]    --> src/wcstring.rs:310:29
[INFO] [stdout]     |
[INFO] [stdout] 310 |         self.inner.extend(s.encode_wide().take_while(|&w| { not_nuled = w != 0; not_nuled }));
[INFO] [stdout]     |                             ^^^^^^^^^^^ method not found in `&OsStr`
[INFO] [stdout] 
[INFO] [stdout] 
[INFO] [stdout] error[E0599]: no method named `encode_wide` found for reference `&OsStr` in the current scope
[INFO] [stdout]    --> src/wcstring.rs:310:29
[INFO] [stdout]     |
[INFO] [stdout] 310 |         self.inner.extend(s.encode_wide().take_while(|&w| { not_nuled = w != 0; not_nuled }));
[INFO] [stdout]     |                             ^^^^^^^^^^^ method not found in `&OsStr`
[INFO] [stdout] 
[INFO] [stdout] 
[INFO] [stdout] error: aborting due to 10 previous errors; 3 warnings emitted
[INFO] [stdout] 
[INFO] [stdout] 
[INFO] [stdout] error: aborting due to 10 previous errors; 3 warnings emitted
[INFO] [stdout] 
[INFO] [stdout] 
[INFO] [stdout] Some errors have detailed explanations: E0433, E0599.
[INFO] [stdout] 
[INFO] [stdout] Some errors have detailed explanations: E0433, E0599.
[INFO] [stdout] 
[INFO] [stdout] For more information about an error, try `rustc --explain E0433`.
[INFO] [stdout] 
[INFO] [stdout] For more information about an error, try `rustc --explain E0433`.
[INFO] [stdout] 
[INFO] [stderr] error: could not compile `wcstr` (lib) due to 11 previous errors; 3 warnings emitted
[INFO] [stderr] warning: build failed, waiting for other jobs to finish...
[INFO] [stderr] error: could not compile `wcstr` (lib test) due to 11 previous errors; 3 warnings emitted
[INFO] running `Command { std: "docker" "inspect" "81bcd6d173ad26dfd2455804201fab9659701649e392136322c577002e29d48c", kill_on_drop: false }`
[INFO] running `Command { std: "docker" "rm" "-f" "81bcd6d173ad26dfd2455804201fab9659701649e392136322c577002e29d48c", kill_on_drop: false }`
[INFO] [stdout] 81bcd6d173ad26dfd2455804201fab9659701649e392136322c577002e29d48c
